x = -3*x + 3*m + 7. Let c(w) = -w**3 + 6*w**2 - 6*w + 1. Give c(x).
9
Let t(v) be the third derivative of -v**4/6 + v**3/6 - 3*v**2. Let u(q) = q**2 - 3*q - 5. Let f be u(5). Let x = f + -4. Determine t(x).
-3
Let q(l) = -3*l**2 - 5*l - 3. Suppose -4*k = j + 3*j - 40, 2*k - 25 = -3*j. Let p(t) = -5*t**2 - 8*t - 5. Let w(i) = j*p(i) - 8*q(i). Determine w(2).
-5
Let t(i) = -i**3 - 8*i**2 - 9*i + 1. Suppose 5*h + 25 = -3*j + j, h = 4*j - 27. Determine t(h).
15
Let c = 7 - 8. Let m = -7 - 0. Let o = c - m. Let x(j) = j - 6. Calculate x(o).
0
Let a(g) = g**2 + 4*g - 7. Let p(i) = i**2 + 10*i - 5. Let j be p(-10). Let q be a(j). Let v be 0/((-2 - -3)*q). Let o(c) = c**2 + 5. Determine o(v).
5
Let c(w) = w**2 - 4*w - 6. Let p be c(5). Let m(f) = 11*f. Calculate m(p).
-11
Let y(z) be the first derivative of -z**2/2 + 1. Suppose 2*f + 1 - 5 = 0. Suppose f*p + 5*x = -5, 0*p + 3*p - 6 = -3*x. Give y(p).
-5
Let f(q) = -q**2 - 3*q - 1. Suppose -2*k + 13 + 2 = -b, 2*b - 5*k + 35 = 0. Give f(b).
-11
Let m(h) be the first derivative of h**2/2 + 6*h - 3. Let n be 5/15 - (-2)/(-6). Determine m(n).
6
Let b(h) = 3*h**2 - 13 - 2*h**2 + 11. Determine b(0).
-2
Let c(o) = -o**2 + 8*o + 7. Let s = 7 - -1. Determine c(s).
7
Let h(w) = -w**3 - 3*w**2 + 4*w - 2. Let i be h(-4). Let q(o) = 4*o - 1. What is q(i)?
-9
Let l be 8/(-10) - (-136)/20. Let d(w) = w**3 - 5*w**2 - 7*w + 7. Calculate d(l).
1
Suppose -10 = -4*x - x. Let u be 1/(1 - 1/x). Let f(h) = 8 - 6*h - 15 + 7 + 2. Calculate f(u).
-10
Suppose -5 = -2*a + 7*a. Let t be 1*2 - (a + 0). Let d(v) = -v**3 + 3*v**2 + 3*v - 4. What is d(t)?
5
Let s(p) = p**3 + 5*p**2 + p + 5. Let t(k) = 26*k - 2. Let n be t(3). Suppose y + 3*y = n. Let o be y/(-4) - (-2)/(-8). What is s(o)?
0
Let s be (-1 - -10) + (-2)/4*4. Let p(z) = -z**3 + 7*z**2 + 2*z - 6. Determine p(s).
8
Let d(v) = v**2 - 6*v - 3. Let x be d(7). Let c(j) be the third derivative of -j**5/60 + 5*j**4/24 - j**3/2 - 4*j**2. Calculate c(x).
1
Let i be (4 - 2)/(2/4). Let y(s) = -5*s - 13 + s**2 + 10 + 9. What is y(i)?
2
Let t(a) = 19*a - 9*a - 7*a + 3 + 2. Determine t(-5).
-10
Let d(j) = 1. Let m(z) = z + 6. Let x(p) = -5*d(p) + m(p). Determine x(5).
6
Let d(h) = -h**3 - 2*h**2 + 2. Suppose -3*i + 4*p = 22, 0 = -4*i - 0*p - 2*p - 44. Let l = i - -16. Let v = -8 + l. Calculate d(v).
2
Let r(f) = 4*f**2 - 4*f + 2. Suppose -h + 2 = -0*h. Suppose 0 = -p + 3*k, -4*p + 0*p + h*k = -10. Suppose -6*s = -g - 3*s - 13, -p = g - s. Determine r(g).
10
Suppose 54 = 8*c + c. Let d(m) = m. Let h(g) = 7*g - 3. Let a(t) = 6*d(t) - h(t). Let v be a(c). Let n(z) = -z**2 + z + 4. Determine n(v).
-8
Let c be 9/4 + (-7)/28. Let h(y) = 2*y - 3. Let f be h(3). Let b(s) = 10*s**2 - 5*s**3 - 3*s - 6*s**c + 4*s**f. What is b(3)?
0
Suppose 9*f + 0 - 27 = 0. Let m(t) = t**2 - 5*t - 2. Calculate m(f).
-8
Let h(z) be the first derivative of z**3/3 - z**2 - 3*z + 26. Calculate h(-2).
5
Let c(i) = i**3 - 3*i**2 - 5*i + 3. Let l be c(4). Let a(j) be the first derivative of 8*j**3 + j - j**3 - 8*j**3 - 3. Give a(l).
-2
Let t be -3 - 3*3/9. Let o(y) = 4*y - 3. Calculate o(t).
-19
Suppose j + 2*t + 11 = 0, -2*j + 0*j = 3*t + 18. Let w = -1 - j. Let h(p) = -2 - 2*p - 2 - 2*p**w + 3 - p**3. What is h(-1)?
0
Let j(d) = -6 - 3*d + 10*d + d**2 - 15 + 17. Let w(t) = -1. Let q(x) = j(x) - 4*w(x). What is q(-7)?
0
Let w(u) = u**3 + 6*u**2 + 5*u - 4. Let t be w(-4). Let d(n) = -10*n**2 - 2 + t*n**2 - 2*n + 4. Give d(-2).
-2
Let f(l) = -2*l**3 + 9*l**2 - 5*l - 8. Let r(c) = 5*c**3 - 26*c**2 + 16*c + 24. Let q(t) = 8*f(t) + 3*r(t). Suppose -44 - 47 = 13*v. What is q(v)?
1
Let d(m) = -m - 2. Suppose 0 = -2*c - 13 - 13. Let b = 8 + c. Determine d(b).
3
Let x = 2 + 0. Let l(v) = 5*v**2 + 0*v + 4*v - 2*v - x - 6*v**2. Give l(3).
-5
Let j(c) = -c**2 - 1. Let f be -1*4 - 54/(-9). Give j(f).
-5
Let d be 9/6*4/3. Let y(s) = 2*s + s + 1 - s + 4*s**2 + 2*s**d. What is y(-1)?
5
Let x be 2 + 6 + 3*-1. Suppose i + x = -2*f, -2*f - 10 = -3*i - i. Let j(o) = -3*o + 1. Determine j(i).
-2
Let o(w) be the third derivative of 0*w + 0 - 5/24*w**4 - 2*w**2 - 1/60*w**5 + 1/3*w**3. Let p(j) = 5*j - 1. Let t be p(-1). What is o(t)?
-4
Let j(b) be the third derivative of b**6/120 + b**5/10 + b**4/24 - 2*b**3/3 + 6*b**2. What is j(-5)?
16
Let h(t) = 3*t. Let g = -14 + 21. Let f(v) = v**3 - 6*v**2 - 8*v - 4. Let j be f(g). Let y(c) = 8*c + 1. Let d(r) = j*h(r) + 4*y(r). What is d(5)?
-1
Let l(j) = 3*j**2 + 3*j - 2. Let k = -27 - -29. What is l(k)?
16
Let p(u) = -2*u - 3. Let o(g) = g**3 - 11*g**2 + 10*g + 4. Let c be o(10). Suppose h + 3*m = 2*h + 10, -c*h - 6 = 5*m. Give p(h).
5
Let i(o) = -6*o**2 + o + 2. Let f(c) = -5*c**2 + c + 2. Let a(m) = 4*f(m) - 3*i(m). Determine a(-2).
-8
Let j(n) = -2*n - 2. Let k be j(-3). Let f(x) = x**2 - 5*x + 6. Determine f(k).
2
Let l(o) be the third derivative of -o**2 + 0*o + 0 - 1/6*o**4 + 1/6*o**3. Calculate l(-2).
9
Let j(v) be the third derivative of -v**5/10 - 5*v**4/12 + v**3/2 - 4*v**2. Let s(a) = -17*a**2 - 29*a + 8. Let h(g) = 11*j(g) - 4*s(g). Give h(-4).
9
Let q = 24 - 17. Let p(d) = -d**2 + 6*d - 6. Determine p(q).
-13
Suppose 0 = -b + 2*r + 7 - 4, 5*b + 3*r = 2. Let a(l) = -16*l**3 - l**2 - l + 1. Give a(b).
-17
Let o(q) be the second derivative of q**4/12 + q**3/2 - 3*q**2 + 6*q. What is o(-6)?
12
Let j(h) = -h**3 - 4*h**2 - 4*h + 1. Let g be j(-3). Let p(r) = 6*r - g*r - r + 2. Calculate p(-5).
-3
Suppose 9 = -3*j - 6. Let n(y) = y**3 + 6*y**2 + 3*y - 3. What is n(j)?
7
Let m(n) = -n + 5. Let u be 1 - 6 - (-5 - -6). What is m(u)?
11
Let n(g) = -g**2 - g + 7. Suppose 5*l = -0*l. What is n(l)?
7
Let z(n) = -4 - 2 - n**2 + 283*n - 269*n. What is z(13)?
7
Let w be 53/11 - 20/(-110). Let i(o) = o**3 - 4*o**2 - 5*o - 7. Give i(w).
-7
Let l(k) be the second derivative of -k**4/12 - 5*k**3/6 - k**2/2 + k. Let x be l(-4). Let m(q) = -1 + 1 + 2*q**2 - 2 - q**3 + 0 + 5*q. What is m(x)?
4
Let k(i) = 7 + 2*i + 3 - 1. Determine k(-6).
-3
Let n(t) = -t**3 + 5*t**2 + 6*t - 2. Let g(i) = i**3 - 5*i**2 + 7*i - 6. Let j be g(4). Give n(j).
-2
Suppose 4 = -2*q - 2. Let k(m) be the third derivative of -1/120*m**6 + 2/3*m**3 + 0 + 0*m - 1/24*m**4 - 1/15*m**5 - 6*m**2. Determine k(q).
-2
Let v = 62 - 28. Suppose 5*z + 12 = 7*z. Let j be v/(-6) + z/9. Let t(s) = -s**3 - 6*s**2 - 5*s - 1. What is t(j)?
-1
Let u(z) = 3*z**3 + 2*z**2 + 6*z - 2. Let t be (0 + -1)/(5/45). Let w(n) = -7*n**3 - 5*n**2 - 13*n + 4. Let m(r) = t*u(r) - 4*w(r). What is m(-3)?
-1
Let h(z) = z - 3. Let f(o) = 7 - 2 - 2*o + 1. Let a(u) = 4*f(u) + 7*h(u). Determine a(3).
0
Suppose 0 = -5*r + 12 - 2. Let z(n) = -9*n - 10 + n - 2*n**r + n**2. Determine z(-7).
-3
Let i(s) = 2*s. Suppose -9 = -5*t - 4. Calculate i(t).
2
Let q(b) = -b - 3. Let p(g) be the second derivative of g**4/12 - 5*g**3/6 - 3*g. Let z be p(5). What is q(z)?
-3
Suppose -4*g = -4*l - 16, -3*l = -g + 2*l + 16. Let s be (6 - 14)*g/(-2). Let p(w) = -w**3 + 4*w**2 - w + 3. Calculate p(s).
-1
Let i = -3 + 5. Suppose i = -3*f + 11. Let u(t) = 0*t**3 + 2*t - 6*t**f - 7 + 8. Calculate u(-1).
5
Let n(k) = -k**3 + 4*k**2 - k - 1. Let h be n(2). Let j(u) = 2 - u**3 - 4*u**2 + 0*u**3 + h*u - u. Determine j(-5).
7
Let n(w) = -w - 9. Let f be n(-9). Let d(u) = -u + 4 + f - 2 + 2*u. Give d(-6).
-4
Suppose s + s = 8. Let h(n) = n + 2. Let b(t) = t + 2. Let g(v) = 4*b(v) - 3*h(v). What is g(s)?
6
Let s(f) = -f**3 - 4*f**2 - 2*f. Let y(d) = -d**2 - 13*d - 9. Let g be y(-12). Suppose 3*r + 1 = 5*i - r, -11 = -g*i + 5*r. Give s(i).
-3
Let b(q) = -1 + 3*q - q**2 + 0 - 12*q + 2*q. What is b(-6)?
5
Let v(l) = 3*l + 2. Let y(d) = 3*d - 8. Let a be y(-4). Let m = 18 + a. What is v(m)?
-4
Let j(n) = -n**3 + 6*n**2 - 4*n + 1. Let x = -11 + 16. Give j(x).
6
Suppose 5*i - 5*r = 12 + 3, 0 = -i - 2*r + 6. Let s(a) = a - 4*a**2 - a**3 - 2 + 2*a**3 - 2*a**3 + i*a. What is s(-5)?
-2
Suppose -r - 13 = 5*d, 2*r - 5*d - 2 = 2. Let c = r + 4. Let x(k) = c + 2 - 7*k**3 - 4. Give x(-1).
6
Let p(q) = q**2 + q - 3. Let t be p(-3). Let k = 4 - 2. Let w(d) = -d + k + 0 - 1 + 2. Give w(t).
0
Suppose -5*b - 16 = -4*a + 26, -a = -4*b - 27. Let h(o) = o**3 + 3*o + 4 - o**2 - 3*o + 7*o**2. What is h(b)?
4
Let r(v) = 2*v - 1. Let x(l) = -10*l + 4. Let a(o) = 14*r(o) + 3*x(o). Suppose -12 = 5*p - 2. Determine a(p).
2
Let w(t) 